{"id":1104,"date":"2023-05-18T15:41:50","date_gmt":"2023-05-18T15:41:50","guid":{"rendered":"https:\/\/cab.org.bo\/web\/?page_id=1104"},"modified":"2023-05-23T15:16:41","modified_gmt":"2023-05-23T15:16:41","slug":"beneficios-en-salud","status":"publish","type":"page","link":"https:\/\/cab.org.bo\/web\/beneficios-en-salud\/","title":{"rendered":"Beneficios en salud"},"content":{"rendered":"\t\t<div data-elementor-type=\"wp-page\" data-elementor-id=\"1104\" class=\"elementor elementor-1104\" data-elementor-post-type=\"page\">\n\t\t\t\t\t\t<section class=\"elementor-section elementor-top-section elementor-element elementor-element-2237f408 elementor-section-boxed elementor-section-height-default elementor-section-height-default\" data-id=\"2237f408\" data-element_type=\"section\" data-e-type=\"section\">\n\t\t\t\t\t\t<div class=\"elementor-container elementor-column-gap-default\">\n\t\t\t\t\t<div class=\"elementor-column elementor-col-100 elementor-top-column elementor-element elementor-element-6a3281fa\" data-id=\"6a3281fa\" data-element_type=\"column\" data-e-type=\"column\">\n\t\t\t<div class=\"elementor-widget-wrap elementor-element-populated\">\n\t\t\t\t\t\t<div class=\"elementor-element elementor-element-234453e4 elementor-widget elementor-widget-text-editor\" data-id=\"234453e4\" data-element_type=\"widget\" data-e-type=\"widget\" data-widget_type=\"text-editor.default\">\n\t\t\t\t<div class=\"elementor-widget-container\">\n\t\t\t\t\t\t\t\t\t<p><\/p>\n<h3><strong>FARMACORP<\/strong><\/h3>\n<p><\/p>\n<p>La cadena de farmacias beneficiar\u00e1 a los afiliados con un 4% de descuento en venta de medicamentos, productos de la canasta familiar en Amarket y el servicio de teleconsultas. As\u00ed tambi\u00e9n se podr\u00e1 acumular puntos Farmaclub para participar de todas las campa\u00f1as y el 20% de descuento en las enfermer\u00edas Salud 360.\u00a0<\/p>\n<p><\/p>\n<p><a href=\"https:\/\/cab.org.bo\/web\/2023\/01\/26\/un-acuerdo-nos-beneficiara-con-descuentos-del-4-en-medicinas-productos-de-la-canasta-familiar-y-teleconsultas\/\" target=\"_blank\" rel=\"noopener\">M\u00e1s detalles haciendo click aqu\u00ed<\/a><\/p>\n<p><\/p>\t\t\t\t\t\t\t\t<\/div>\n\t\t\t\t<\/div>\n\t\t\t\t\t<\/div>\n\t\t<\/div>\n\t\t\t\t\t<\/div>\n\t\t<\/section>\n\t\t\t\t<\/div>\n\t\t","protected":false},"excerpt":{"rendered":"<p>FARMACORP La cadena de farmacias beneficiar\u00e1 a los afiliados con un 4% de descuento en venta de medicamentos, productos de la canasta familiar en Amarket y el servicio de teleconsultas. As\u00ed tambi\u00e9n se podr\u00e1 acumular puntos Farmaclub para participar de todas las campa\u00f1as y el 20% de descuento en las enfermer\u00edas Salud 360.\u00a0 M\u00e1s detalles [&hellip;]<\/p>\n","protected":false},"author":1,"featured_media":0,"parent":0,"menu_order":0,"comment_status":"closed","ping_status":"closed","template":"","meta":{"footnotes":""},"class_list":["post-1104","page","type-page","status-publish","hentry"],"_links":{"self":[{"href":"https:\/\/cab.org.bo\/web\/wp-json\/wp\/v2\/pages\/1104","targetHints":{"allow":["GET"]}}],"collection":[{"href":"https:\/\/cab.org.bo\/web\/wp-json\/wp\/v2\/pages"}],"about":[{"href":"https:\/\/cab.org.bo\/web\/wp-json\/wp\/v2\/types\/page"}],"author":[{"embeddable":true,"href":"https:\/\/cab.org.bo\/web\/wp-json\/wp\/v2\/users\/1"}],"replies":[{"embeddable":true,"href":"https:\/\/cab.org.bo\/web\/wp-json\/wp\/v2\/comments?post=1104"}],"version-history":[{"count":10,"href":"https:\/\/cab.org.bo\/web\/wp-json\/wp\/v2\/pages\/1104\/revisions"}],"predecessor-version":[{"id":1128,"href":"https:\/\/cab.org.bo\/web\/wp-json\/wp\/v2\/pages\/1104\/revisions\/1128"}],"wp:attachment":[{"href":"https:\/\/cab.org.bo\/web\/wp-json\/wp\/v2\/media?parent=1104"}],"curies":[{"name":"wp","href":"https:\/\/api.w.org\/{rel}","templated":true}]}}