{"id":229,"date":"2022-11-09T19:52:14","date_gmt":"2022-11-09T19:52:14","guid":{"rendered":"https:\/\/cab.org.bo\/web\/?page_id=229"},"modified":"2022-12-08T19:55:32","modified_gmt":"2022-12-08T19:55:32","slug":"vision","status":"publish","type":"page","link":"https:\/\/cab.org.bo\/web\/vision\/","title":{"rendered":"Visi\u00f3n"},"content":{"rendered":"\n<p>El Colegio de Arquitectos de Bolivia (CAB) lidera la gesti\u00f3n de pol\u00edticas p\u00fablicas en el \u00e1mbito de su competencia, fortaleciendo el ejercicio profesional del Arquitecto con equidad, transparencia, solidaridad y respaldo legal, en un escenario aut\u00f3nomo con compromiso social, en el marco intercultural de la organizaci\u00f3n del Estado.<\/p>\n\n\n\n<h3 class=\"wp-block-heading\"><a href=\"https:\/\/cab.org.bo\/web\/mision\/\" data-type=\"URL\" data-id=\"https:\/\/cab.org.bo\/web\/mision\/\">Misi\u00f3n<\/a><\/h3>\n","protected":false},"excerpt":{"rendered":"<p>El Colegio de Arquitectos de Bolivia (CAB) lidera la gesti\u00f3n de pol\u00edticas p\u00fablicas en el \u00e1mbito de su competencia, fortaleciendo el ejercicio profesional del Arquitecto con equidad, transparencia, solidaridad y respaldo legal, en un escenario aut\u00f3nomo con compromiso social, en el marco intercultural de la organizaci\u00f3n del Estado. Misi\u00f3n<\/p>\n","protected":false},"author":1,"featured_media":0,"parent":0,"menu_order":0,"comment_status":"closed","ping_status":"closed","template":"","meta":{"footnotes":""},"class_list":["post-229","page","type-page","status-publish","hentry"],"_links":{"self":[{"href":"https:\/\/cab.org.bo\/web\/wp-json\/wp\/v2\/pages\/229","targetHints":{"allow":["GET"]}}],"collection":[{"href":"https:\/\/cab.org.bo\/web\/wp-json\/wp\/v2\/pages"}],"about":[{"href":"https:\/\/cab.org.bo\/web\/wp-json\/wp\/v2\/types\/page"}],"author":[{"embeddable":true,"href":"https:\/\/cab.org.bo\/web\/wp-json\/wp\/v2\/users\/1"}],"replies":[{"embeddable":true,"href":"https:\/\/cab.org.bo\/web\/wp-json\/wp\/v2\/comments?post=229"}],"version-history":[{"count":3,"href":"https:\/\/cab.org.bo\/web\/wp-json\/wp\/v2\/pages\/229\/revisions"}],"predecessor-version":[{"id":810,"href":"https:\/\/cab.org.bo\/web\/wp-json\/wp\/v2\/pages\/229\/revisions\/810"}],"wp:attachment":[{"href":"https:\/\/cab.org.bo\/web\/wp-json\/wp\/v2\/media?parent=229"}],"curies":[{"name":"wp","href":"https:\/\/api.w.org\/{rel}","templated":true}]}}

Visión

<p>El Colegio de Arquitectos de Bolivia (CAB) lidera la gestión de políticas públicas en el ámbito de su competencia, fortaleciendo el ejercicio profesional del Arquitecto con equidad, transparencia, solidaridad y respaldo legal, en un escenario autónomo con compromiso social, en el marco intercultural de la organización del Estado.</p>



<h3 class="wp-block-heading"><a href="https://cab.org.bo/web/mision/" data-type="URL" data-id="https://cab.org.bo/web/mision/">Misión</a></h3>

<p>El Colegio de Arquitectos de Bolivia (CAB) lidera la gestión de políticas públicas en el ámbito de su competencia, fortaleciendo el ejercicio profesional del Arquitecto con equidad, transparencia, solidaridad y respaldo legal, en un escenario autónomo con compromiso social, en el marco intercultural de la organización del Estado. Misión</p>
