{"id":235,"date":"2022-11-09T19:53:11","date_gmt":"2022-11-09T19:53:11","guid":{"rendered":"https:\/\/cab.org.bo\/web\/?page_id=235"},"modified":"2023-03-10T20:12:53","modified_gmt":"2023-03-10T20:12:53","slug":"historia","status":"publish","type":"page","link":"https:\/\/cab.org.bo\/web\/historia\/","title":{"rendered":"Historia"},"content":{"rendered":"\n<h2 class=\"wp-block-heading\"><strong>HISTORIA&nbsp;<\/strong><\/h2>\n\n\n\n<p>El 25 de abril de 1940, en una reuni\u00f3n convocada por Alfredo S\u00e1enz, en La Paz se crea la Asociaci\u00f3n de Arquitectos de Bolivia. S\u00e1enz, formado en Cambridge (Reino Unido), hab\u00eda sido invitado por Emilio Villanueva, rector y despu\u00e9s decano de la Facultad de Ciencias Exactas de la Universidad Mayor de San Andr\u00e9s a asistir al Congreso Panamericano de Arquitectos que se realizar\u00eda en Uruguay.<\/p>\n\n\n\n<p>La intenci\u00f3n de Villanueva, que por cierto era arquitecto graduado en Chile, era que este conozca de cerca el accionar gremial en los dem\u00e1s pa\u00edses y pueda promoverlo en Bolivia. El enviado vio necesaria la creaci\u00f3n de la entidad para \u201c\u2026 situar al arquitecto en la categor\u00eda jer\u00e1rquica que le corresponde y mantener entre los asociados un elevado concepto de \u00e9tica profesional, as\u00ed como la defensa de los derechos de esta noble actividad\u2026\u201d.<\/p>\n\n\n\n<p>Cabe resaltar que en 1936, Villanueva hab\u00eda logrado la autorizaci\u00f3n para impartir el programa de titulaci\u00f3n como Ingeniero Arquitecto, que se obtendr\u00eda tras cursar tres a\u00f1os de la Escuela de Ciencias Exactas de la UMSA. La Escuela de Arquitectura, base de lo que posteriormente ser\u00eda la facultad del mismo nombre (1947), tuvo sus primeros seis alumnos en 1937.&nbsp;<\/p>\n\n\n\n<p>La inminente graduaci\u00f3n de esos primeros ingenieros arquitectos formados en Bolivia, implicaba un incremento importante en la cantidad de profesionales que ejercer\u00eda la disciplina en el futuro. Esa situaci\u00f3n hab\u00eda llevado a Villanueva a pensar en la creaci\u00f3n de la asociaci\u00f3n que ya en otros pa\u00edses exist\u00eda. Hab\u00eda que disciplinar, tanto en el contexto gremial internacional como en el marco acad\u00e9mico nacional.&nbsp;<\/p>\n\n\n\n<p>En 1947, la Carrera de Arquitectura se convierte en Facultad de Arquitectura y su creciente n\u00famero de graduados se ve imposibilitado de acceder a la asociaci\u00f3n. Es entonces que Villanueva promueve la creaci\u00f3n de la Sociedad de Ingenieros Arquitectos de Bolivia, que se funda en 1948 con 26 arquitectos, incluyendo a los primeros egresados en el pa\u00eds.&nbsp;<\/p>\n\n\n\n<h2 class=\"wp-block-heading\"><strong>NACE EL COLEGIO<\/strong><\/h2>\n\n\n\n<p>Fue el 28 de septiembre de 1959, se fusiona la Asociaci\u00f3n de Arquitectos y la Sociedad de Ingenieros Arquitectos para dar vida al Colegio de Arquitectos de Bolivia. Ernesto P\u00e9rez fue su primer presidente y aunque el CAB tendr\u00eda que representar a todos los arquitectos del pa\u00eds, en los hechos, otros dos centros de arquitectos en Cochabamba y Santa Cruz desarrollaban sus tareas de manera independiente. Ante ello, hubo la necesidad de integrarlos, cosa que tuvo que esperar a que el colegio se consolide en la sede de Gobierno.&nbsp;<\/p>\n\n\n\n<p>La consolidaci\u00f3n definitiva de la representatividad nacional del CAB se dio en 1969, cuando se llevan a cabo los Encuentros Nacionales de Arquitectos. El 4 de julio de 1970, en La Paz, se conforma el Comit\u00e9 Ejecutivo Nacional CENA, instituci\u00f3n que realiza tareas de manera independiente a tres colegios departamentales, que se constituyen el 15 de agosto del mismo a\u00f1o, en Santa Cruz.&nbsp;<\/p>\n\n\n\n<p>LA LEY DEL ARQUITECTO<\/p>\n\n\n\n<p>En 1992, durante la gesti\u00f3n de Froil\u00e1n Cavero, se logra la aprobaci\u00f3n de la Ley No. 1373 \u201cDel ejercicio profesional del arquitecto\u201d. Dada la importancia de la norma, por Resoluci\u00f3n del III Congreso de Arquitectos se instituy\u00f3 el 18 de septiembre como D\u00eda del Arquitecto Boliviano.<\/p>\n","protected":false},"excerpt":{"rendered":"<p>HISTORIA&nbsp; El 25 de abril de 1940, en una reuni\u00f3n convocada por Alfredo S\u00e1enz, en La Paz se crea la Asociaci\u00f3n de Arquitectos de Bolivia. S\u00e1enz, formado en Cambridge (Reino Unido), hab\u00eda sido invitado por Emilio Villanueva, rector y despu\u00e9s decano de la Facultad de Ciencias Exactas de la Universidad Mayor de San Andr\u00e9s a [&hellip;]<\/p>\n","protected":false},"author":1,"featured_media":0,"parent":0,"menu_order":0,"comment_status":"closed","ping_status":"closed","template":"","meta":{"footnotes":""},"class_list":["post-235","page","type-page","status-publish","hentry"],"_links":{"self":[{"href":"https:\/\/cab.org.bo\/web\/wp-json\/wp\/v2\/pages\/235","targetHints":{"allow":["GET"]}}],"collection":[{"href":"https:\/\/cab.org.bo\/web\/wp-json\/wp\/v2\/pages"}],"about":[{"href":"https:\/\/cab.org.bo\/web\/wp-json\/wp\/v2\/types\/page"}],"author":[{"embeddable":true,"href":"https:\/\/cab.org.bo\/web\/wp-json\/wp\/v2\/users\/1"}],"replies":[{"embeddable":true,"href":"https:\/\/cab.org.bo\/web\/wp-json\/wp\/v2\/comments?post=235"}],"version-history":[{"count":4,"href":"https:\/\/cab.org.bo\/web\/wp-json\/wp\/v2\/pages\/235\/revisions"}],"predecessor-version":[{"id":963,"href":"https:\/\/cab.org.bo\/web\/wp-json\/wp\/v2\/pages\/235\/revisions\/963"}],"wp:attachment":[{"href":"https:\/\/cab.org.bo\/web\/wp-json\/wp\/v2\/media?parent=235"}],"curies":[{"name":"wp","href":"https:\/\/api.w.org\/{rel}","templated":true}]}}

<h2 class="wp-block-heading"><strong>HISTORIA&nbsp;</strong></h2>



<p>El 25 de abril de 1940, en una reunión convocada por Alfredo Sáenz, en La Paz se crea la Asociación de Arquitectos de Bolivia. Sáenz, formado en Cambridge (Reino Unido), había sido invitado por Emilio Villanueva, rector y después decano de la Facultad de Ciencias Exactas de la Universidad Mayor de San Andrés a asistir al Congreso Panamericano de Arquitectos que se realizaría en Uruguay.</p>



<p>La intención de Villanueva, que por cierto era arquitecto graduado en Chile, era que este conozca de cerca el accionar gremial en los demás países y pueda promoverlo en Bolivia. El enviado vio necesaria la creación de la entidad para “… situar al arquitecto en la categoría jerárquica que le corresponde y mantener entre los asociados un elevado concepto de ética profesional, así como la defensa de los derechos de esta noble actividad…”.</p>



<p>Cabe resaltar que en 1936, Villanueva había logrado la autorización para impartir el programa de titulación como Ingeniero Arquitecto, que se obtendría tras cursar tres años de la Escuela de Ciencias Exactas de la UMSA. La Escuela de Arquitectura, base de lo que posteriormente sería la facultad del mismo nombre (1947), tuvo sus primeros seis alumnos en 1937.&nbsp;</p>



<p>La inminente graduación de esos primeros ingenieros arquitectos formados en Bolivia, implicaba un incremento importante en la cantidad de profesionales que ejercería la disciplina en el futuro. Esa situación había llevado a Villanueva a pensar en la creación de la asociación que ya en otros países existía. Había que disciplinar, tanto en el contexto gremial internacional como en el marco académico nacional.&nbsp;</p>



<p>En 1947, la Carrera de Arquitectura se convierte en Facultad de Arquitectura y su creciente número de graduados se ve imposibilitado de acceder a la asociación. Es entonces que Villanueva promueve la creación de la Sociedad de Ingenieros Arquitectos de Bolivia, que se funda en 1948 con 26 arquitectos, incluyendo a los primeros egresados en el país.&nbsp;</p>



<h2 class="wp-block-heading"><strong>NACE EL COLEGIO</strong></h2>



<p>Fue el 28 de septiembre de 1959, se fusiona la Asociación de Arquitectos y la Sociedad de Ingenieros Arquitectos para dar vida al Colegio de Arquitectos de Bolivia. Ernesto Pérez fue su primer presidente y aunque el CAB tendría que representar a todos los arquitectos del país, en los hechos, otros dos centros de arquitectos en Cochabamba y Santa Cruz desarrollaban sus tareas de manera independiente. Ante ello, hubo la necesidad de integrarlos, cosa que tuvo que esperar a que el colegio se consolide en la sede de Gobierno.&nbsp;</p>



<p>La consolidación definitiva de la representatividad nacional del CAB se dio en 1969, cuando se llevan a cabo los Encuentros Nacionales de Arquitectos. El 4 de julio de 1970, en La Paz, se conforma el Comité Ejecutivo Nacional CENA, institución que realiza tareas de manera independiente a tres colegios departamentales, que se constituyen el 15 de agosto del mismo año, en Santa Cruz.&nbsp;</p>



<p>LA LEY DEL ARQUITECTO</p>



<p>En 1992, durante la gestión de Froilán Cavero, se logra la aprobación de la Ley No. 1373 “Del ejercicio profesional del arquitecto”. Dada la importancia de la norma, por Resolución del III Congreso de Arquitectos se instituyó el 18 de septiembre como Día del Arquitecto Boliviano.</p>

<p>HISTORIA&nbsp; El 25 de abril de 1940, en una reunión convocada por Alfredo Sáenz, en La Paz se crea la Asociación de Arquitectos de Bolivia. Sáenz, formado en Cambridge (Reino Unido), había sido invitado por Emilio Villanueva, rector y después decano de la Facultad de Ciencias Exactas de la Universidad Mayor de San Andrés a [&hellip;]</p>
