{"id":871,"date":"2023-01-17T14:46:54","date_gmt":"2023-01-17T14:46:54","guid":{"rendered":"https:\/\/cab.org.bo\/web\/?page_id=871"},"modified":"2025-01-09T19:21:53","modified_gmt":"2025-01-09T19:21:53","slug":"afiliarse","status":"publish","type":"page","link":"https:\/\/cab.org.bo\/web\/afiliarse\/","title":{"rendered":"Afiliarse"},"content":{"rendered":"\t\t<div data-elementor-type=\"wp-page\" data-elementor-id=\"871\" class=\"elementor elementor-871\" data-elementor-post-type=\"page\">\n\t\t\t\t\t\t<section class=\"elementor-section elementor-top-section elementor-element elementor-element-2f05cdae elementor-section-boxed elementor-section-height-default elementor-section-height-default\" data-id=\"2f05cdae\" data-element_type=\"section\" data-e-type=\"section\">\n\t\t\t\t\t\t<div class=\"elementor-container elementor-column-gap-default\">\n\t\t\t\t\t<div class=\"elementor-column elementor-col-100 elementor-top-column elementor-element elementor-element-de37749\" data-id=\"de37749\" data-element_type=\"column\" data-e-type=\"column\">\n\t\t\t<div class=\"elementor-widget-wrap elementor-element-populated\">\n\t\t\t\t\t\t<div class=\"elementor-element elementor-element-540be3cc elementor-widget elementor-widget-text-editor\" data-id=\"540be3cc\" data-element_type=\"widget\" data-e-type=\"widget\" data-widget_type=\"text-editor.default\">\n\t\t\t\t<div class=\"elementor-widget-container\">\n\t\t\t\t\t\t\t\t\t<p><\/p>\n<h3><strong>REQUISITOS DE INSCRIPCI\u00d3N<\/strong><\/h3>\n<h3><\/h3>\n<h3><strong>REGISTRO COLEGIO DE ARQUITECTOS (CAB)<\/strong><\/h3>\n<p><\/p>\n<p>Los arquitectos titulados, dependiendo en el lugar de residencia, deben iniciar el tr\u00e1mite en los respectivos <a href=\"https:\/\/cab.org.bo\/web\/colegios-departamentales\/\" target=\"_blank\" rel=\"noopener\">Colegios Departamentales<\/a> para presentar <strong>en f\u00edsico<\/strong> los requisitos solicitados, cuenta bancaria e informaci\u00f3n requerida para la inscripci\u00f3n. No se puede enviar los documentos en digital o por mensajer\u00eda electr\u00f3nica. Tambi\u00e9n pueden iniciar el tr\u00e1mite en la p\u00e1gina web <a href=\"https:\/\/formularios.cab.org.bo\/assets\/01-solicitud.pdf\" target=\"_blank\" rel=\"noopener\">www.cab.org.bo <\/a>y a continuaci\u00f3n a la brevedad posible presentar todos los requisitos <strong>en f\u00edsico<\/strong> al Colegio Departamental respectivo.<\/p>\n<p><\/p>\n<p>Los profesionales arquitectos nacionales para su registro deben presentar <strong>en f\u00edsico<\/strong> los siguientes documentos:<\/p>\n<p><\/p>\n<ol class=\"wp-block-list\">\n<li><strong>Solicitud de inscripci\u00f3n<\/strong>, en el formulario digital enviado al correo del solicitante al momento de iniciar el tramite en el Colegio Departamental.<\/li>\n<li><strong>Dos (2) fotocopias de C\u00e9dula de Identidad<\/strong> personal, clara y legible con su firma color azul en el medio.\u00a0<\/li>\n<li><strong>Diploma Acad\u00e9mico original<\/strong> (<em>para verificaci\u00f3n \u2013 no se queda en el Colegio Departamental<\/em>) otorgado por la Universidad Boliviana o por la Universidad Privada que cumpla lo estipulado por el art\u00edculo 188 de la Constituci\u00f3n Pol\u00edtica del Estado o Diploma Acad\u00e9mico de la Universidad Extranjera, revalidado por el Ministerio de Educaci\u00f3n o por la Universidad Boliviana, <strong>una (1) fotocopia legalizada y una (1) fotocopia simple del mismo<\/strong>.\u00a0<\/li>\n<li><strong>Titulo en Provisi\u00f3n Nacional original<\/strong> (<em>para verificaci\u00f3n al inicio del tr\u00e1mite \u2013 no se queda en el Colegio Departamental<\/em>), <strong>una (1) fotocopia legalizada <\/strong><em>(que no sea mayor a un a\u00f1o de antiguedad al dia de la presentacion)<\/em><strong> y una (1) fotocopia simple del mismo<\/strong>.\u00a0<\/li>\n<li><strong>Fotocopias del acta de defensa<\/strong> (de grado o tesis) en dos (2) ejemplares simples.\u00a0<\/li>\n<li><strong>Cinco (5) fotograf\u00edas a color de 3&#215;3 cm<\/strong> (cuadradas) con fondo blanco, traje formal y de frente (no selfie).\u00a0<\/li>\n<li><strong>Comprobantes del dep\u00f3sito bancario<\/strong> que acredite el pago del derecho de inscripci\u00f3n del solicitante, por un monto \u00fanico de 2.100 bs. (Dos mil cien 00\/100 Bolivianos). Este pago se realiza en dos partes: la primera, 1.400 bs. a cuenta del CAB y 700 bs. a cuenta del Colegio Departamental que corresponda.<\/li>\n<\/ol>\n<p><\/p>\n<p><strong>Tarjeta de inscripci\u00f3n en dos (2) ejemplares<\/strong>, proporcionado para el efecto por el Colegio de Arquitectos de Bolivia. Los arquitectos extranjeros, para su inscripci\u00f3n en el Registro Permanente, adem\u00e1s de los requisitos detallados, deben acreditar su residencia legal en el pa\u00eds mediante certificaci\u00f3n expedida por la <a href=\"https:\/\/migracion.gob.bo\/\" target=\"_blank\" rel=\"noopener\">Direcci\u00f3n General de Migraci\u00f3n (DIGEMIG)<\/a><\/p>\n<p><\/p>\t\t\t\t\t\t\t\t<\/div>\n\t\t\t\t<\/div>\n\t\t\t\t<div class=\"elementor-element elementor-element-dd56c0a elementor-align-justify elementor-widget elementor-widget-button\" data-id=\"dd56c0a\" data-element_type=\"widget\" data-e-type=\"widget\" data-widget_type=\"button.default\">\n\t\t\t\t<div class=\"elementor-widget-container\">\n\t\t\t\t\t\t\t\t\t<div class=\"elementor-button-wrapper\">\n\t\t\t\t\t<a class=\"elementor-button elementor-button-link elementor-size-sm\" href=\"https:\/\/drive.google.com\/file\/d\/1yecsinSt8A0R4tA-yZ0QzaWIxvx-4alY\/view?usp=share_link\" target=\"_blank\">\n\t\t\t\t\t\t<span class=\"elementor-button-content-wrapper\">\n\t\t\t\t\t\t\t\t\t<span class=\"elementor-button-text\">TARJETA DE INSCRIPCI\u00d3N<\/span>\n\t\t\t\t\t<\/span>\n\t\t\t\t\t<\/a>\n\t\t\t\t<\/div>\n\t\t\t\t\t\t\t\t<\/div>\n\t\t\t\t<\/div>\n\t\t\t\t<div class=\"elementor-element elementor-element-ec52663 elementor-align-justify elementor-widget elementor-widget-button\" data-id=\"ec52663\" data-element_type=\"widget\" data-e-type=\"widget\" data-widget_type=\"button.default\">\n\t\t\t\t<div class=\"elementor-widget-container\">\n\t\t\t\t\t\t\t\t\t<div class=\"elementor-button-wrapper\">\n\t\t\t\t\t<a class=\"elementor-button elementor-button-link elementor-size-sm\" href=\"https:\/\/forms.gle\/R138No1WapE9qLYQA\" target=\"_blank\">\n\t\t\t\t\t\t<span class=\"elementor-button-content-wrapper\">\n\t\t\t\t\t\t\t\t\t<span class=\"elementor-button-text\">solicitud renovacion de CREDENCIAL<\/span>\n\t\t\t\t\t<\/span>\n\t\t\t\t\t<\/a>\n\t\t\t\t<\/div>\n\t\t\t\t\t\t\t\t<\/div>\n\t\t\t\t<\/div>\n\t\t\t\t<div class=\"elementor-element elementor-element-26f0425 elementor-align-justify elementor-widget elementor-widget-button\" data-id=\"26f0425\" data-element_type=\"widget\" data-e-type=\"widget\" data-widget_type=\"button.default\">\n\t\t\t\t<div class=\"elementor-widget-container\">\n\t\t\t\t\t\t\t\t\t<div class=\"elementor-button-wrapper\">\n\t\t\t\t\t<a class=\"elementor-button elementor-button-link elementor-size-sm\" href=\"https:\/\/afiliados.cab.org.bo\/\" target=\"_blank\">\n\t\t\t\t\t\t<span class=\"elementor-button-content-wrapper\">\n\t\t\t\t\t\t\t\t\t<span class=\"elementor-button-text\">SISTEMA PARA AFILIADOS AL CAB<\/span>\n\t\t\t\t\t<\/span>\n\t\t\t\t\t<\/a>\n\t\t\t\t<\/div>\n\t\t\t\t\t\t\t\t<\/div>\n\t\t\t\t<\/div>\n\t\t\t\t<div class=\"elementor-element elementor-element-7968bfc elementor-align-justify elementor-widget elementor-widget-button\" data-id=\"7968bfc\" data-element_type=\"widget\" data-e-type=\"widget\" data-widget_type=\"button.default\">\n\t\t\t\t<div class=\"elementor-widget-container\">\n\t\t\t\t\t\t\t\t\t<div class=\"elementor-button-wrapper\">\n\t\t\t\t\t<a class=\"elementor-button elementor-button-link elementor-size-sm\" href=\"https:\/\/forms.gle\/8n7jGv5J5ZDaszWs9\" target=\"_blank\">\n\t\t\t\t\t\t<span class=\"elementor-button-content-wrapper\">\n\t\t\t\t\t\t\t\t\t<span class=\"elementor-button-text\">FORMULARIO DE ACTUALIZACI\u00d3N DE DATOS<\/span>\n\t\t\t\t\t<\/span>\n\t\t\t\t\t<\/a>\n\t\t\t\t<\/div>\n\t\t\t\t\t\t\t\t<\/div>\n\t\t\t\t<\/div>\n\t\t\t\t\t<\/div>\n\t\t<\/div>\n\t\t\t\t\t<\/div>\n\t\t<\/section>\n\t\t\t\t<\/div>\n\t\t","protected":false},"excerpt":{"rendered":"<p>REQUISITOS DE INSCRIPCI\u00d3N REGISTRO COLEGIO DE ARQUITECTOS (CAB) Los arquitectos titulados, dependiendo en el lugar de residencia, deben iniciar el tr\u00e1mite en los respectivos Colegios Departamentales para presentar en f\u00edsico los requisitos solicitados, cuenta bancaria e informaci\u00f3n requerida para la inscripci\u00f3n. No se puede enviar los documentos en digital o por mensajer\u00eda electr\u00f3nica. Tambi\u00e9n pueden [&hellip;]<\/p>\n","protected":false},"author":1,"featured_media":0,"parent":0,"menu_order":0,"comment_status":"closed","ping_status":"closed","template":"","meta":{"footnotes":""},"class_list":["post-871","page","type-page","status-publish","hentry"],"_links":{"self":[{"href":"https:\/\/cab.org.bo\/web\/wp-json\/wp\/v2\/pages\/871","targetHints":{"allow":["GET"]}}],"collection":[{"href":"https:\/\/cab.org.bo\/web\/wp-json\/wp\/v2\/pages"}],"about":[{"href":"https:\/\/cab.org.bo\/web\/wp-json\/wp\/v2\/types\/page"}],"author":[{"embeddable":true,"href":"https:\/\/cab.org.bo\/web\/wp-json\/wp\/v2\/users\/1"}],"replies":[{"embeddable":true,"href":"https:\/\/cab.org.bo\/web\/wp-json\/wp\/v2\/comments?post=871"}],"version-history":[{"count":62,"href":"https:\/\/cab.org.bo\/web\/wp-json\/wp\/v2\/pages\/871\/revisions"}],"predecessor-version":[{"id":1898,"href":"https:\/\/cab.org.bo\/web\/wp-json\/wp\/v2\/pages\/871\/revisions\/1898"}],"wp:attachment":[{"href":"https:\/\/cab.org.bo\/web\/wp-json\/wp\/v2\/media?parent=871"}],"curies":[{"name":"wp","href":"https:\/\/api.w.org\/{rel}","templated":true}]}}